/(-14) - (-108)/a?
2
Suppose -4*c - 31 = -3*p, 5*p - 10 = -3*c + 3. Let u = 7 + c. Suppose -32 = -4*n - u*m, 32 = 5*n + 4*m - 9. What are the prime factors of n?
5
Suppose 5*d = 7 + 8. Suppose 0*j - 15 = -d*j. Suppose 3*i = -4*r + 41, -30 = -j*r - 5*i + 25. What are the prime factors of r?
2
Let q(f) be the first derivative of f**3/3 + 3*f + 2. What are the prime factors of q(3)?
2, 3
Suppose 0 = -i + d - 0*d + 51, -i + 2*d + 55 = 0. What are the prime factors of i?
47
Let f be 2/6 - (-5)/3. Suppose f*r - 24 = -2*r. Suppose 0 = -4*q + g + 50, -2*q + g = r*g - 14. List the prime factors of q.
2, 3
Suppose -4*b = 5*p - 188, -b + 200 = 3*b + 2*p. List the prime factors of b.
2, 13
Let x(c) = 5*c - 1. Let w be x(-3). Let t be (-180)/w - 2/8. Let n = t - 1. List the prime factors of n.
2, 5
What are the prime factors of -1 + -2 - 4/4*-41?
2, 19
Let v(r) = 3*r + 15. What are the prime factors of v(7)?
2, 3
Let b be (-1 - -5 - 8) + 9. Suppose -b*w + 6*o - 3*o + 98 = 0, -15 = -w - 4*o. List the prime factors of w.
19
Let u be 27/18*4/6. List the prime factors of u/(8/4)*20.
2, 5
Suppose -7*r = -2*r + 40. List the prime factors of (9/6)/((-6)/r).
2
Let i(s) = 19*s - 39. What are the prime factors of i(13)?
2, 13
Let u(s) = -s**2 - 11*s - 8. Let k(a) = -2*a**2 + 4*a - 3. Let v be k(3). List the prime factors of u(v).
2, 5
Let x = -25 - -11. Let v be ((-5)/(-1))/(-3 + 2). Let f = v - x. What are the prime factors of f?
3
Suppose -2*w = -3*k + 176, -k + 4*w - 2*w = -56. Suppose -4*l = -2*l - 50. Suppose 0*i + 5*i + 5*h = k, 0 = -5*h + l. What are the prime factors of i?
7
Suppose -4*n - 2*z - 62 = 0, -5*z - 1 + 2 = -2*n. Let s = n + 85. Suppose -p = -5*p + s. List the prime factors of p.
2, 3
Let o(q) = q**3 - 5*q**2 + 7*q - 4. Suppose -3*y = i - 14, -4*y + i + 2*i + 23 = 0. What are the prime factors of o(y)?
31
Let n be (1/3)/((-2)/(-24)). Suppose 2*j = n*h - 0*j - 46, -3*h - j = -47. Let t = 21 - h. List the prime factors of t.
7
What are the prime factors of (0 + 2)/((-3)/(-48))?
2
Let w = 55 - 17. Suppose 108 = 2*l + w. List the prime factors of l.
5, 7
Suppose -4 = -3*l + 4*w, 3*l - 4*w + 7*w = -3. Let h(c) = 12 + 20 - 13 + c. What are the prime factors of h(l)?
19
Suppose -185 = -3*c + 157. What are the prime factors of c?
2, 3, 19
Let h(r) = -2 + 2 + 6*r - 4 - 2*r. List the prime factors of h(4).
2, 3
Let h(a) = a**3 + 10*a**2 - 12*a - 8. Let k be h(-11). Suppose -2*i + k*o + 10 = 6*o, -4*o + 8 = 0. List the prime factors of i.
2
Let c(k) = k - 1. Let n be c(6). Suppose -n*y + 3*y + 24 = 0. List the prime factors of y.
2, 3
Suppose -3*t = -2*o - 289, -5*t - 6*o + o = -465. What are the prime factors of t?
5, 19
Let y = -16 + 15. Let f be -8*1/(2/2). Let m = y - f. What are the prime factors of m?
7
Suppose -k - 3*n + 199 = 0, -552 = -4*k + 3*n + 184. List the prime factors of k.
11, 17
Suppose 0 = -5*k - 4*x + 318 + 349, -3*k = 5*x - 408. What are the prime factors of k?
131
Let s(b) = 3*b + 1. Let c be s(-2). What are the prime factors of (-2)/1 + (-60)/c?
2, 5
Let t be -6*3/18*-2. Suppose 3*f + 4*d + t = -1, d - 3 = -2*f. What are the prime factors of f?
3
Suppose 38 = 5*z + 18. What are the prime factors of z?
2
Let y(o) = o**3 + 3*o**2 - 5*o. Let g be y(-4). Suppose 0 = -g*h - h + 15. What are the prime factors of 3/((-2 - -5)/h)?
3
Suppose 3*j = -2*j. Let h be 33 - j*2/2. Let a = -23 + h. List the prime factors of a.
2, 5
Suppose t + o - 43 = 2*o, -2*t + 74 = o. Suppose 4*p - 3*r - 54 = 0, 0*r - 3*r - t = -3*p. List the prime factors of p.
3, 5
Suppose 5*f - 189 = 4*d + 81, -216 = -4*f + d. Suppose 12 = 2*l - 2*n - f, -4*n = 3*l - 92. List the prime factors of l.
2
Let q(a) = -a**2 - 3*a + 5. Let y be q(-4). Let t = 26 - y. List the prime factors of t.
5
Let o(i) = -5*i**2 - 3*i - 2. Let m be o(-1). Let h(l) = -4*l + 5. What are the prime factors of h(m)?
3, 7
Let s be (0 + -1)/(7/63). Let y = s - -17. List the prime factors of y.
2
Suppose -r - r + 66 = -2*u, 5*r - 2*u - 177 = 0. List the prime factors of r.
37
List the prime factors of 340/35 + 6/21.
2, 5
What are the prime factors of -2 - 5/((-25)/130)?
2, 3
Let n(i) = 0 - 2 - 12 + 0*i + 2*i. What are the prime factors of n(11)?
2
Suppose -r = 2*r - 144. List the prime factors of r.
2, 3
Let v(t) = 2*t**2 - 7*t - 31. List the prime factors of v(-7).
2, 29
Suppose -18 = -0*p - 6*p. Let t(k) be the first derivative of k**3/3 - k**2/2 - 2*k - 1. List the prime factors of t(p).
2
Let m(f) = f**2 - 4*f - 1. What are the prime factors of m(-4)?
31
Suppose -3*c - v = -0*c - 257, 4*v = -16. Let m = c + -52. What are the prime factors of m?
5, 7
Let l(q) = -3*q**2 + 11*q + 63. Let y(r) = 2*r**2 - 7*r - 42. Let t(w) = -5*l(w) - 8*y(w). List the prime factors of t(0).
3, 7
Suppose 2*g + 4 = -d, 4*d = -5*g - 2 - 2. Suppose 0 = -d*m - m + 85. What are the prime factors of m?
17
Suppose -3*g - 12 = -9, -130 = -4*q - 2*g. What are the prime factors of q?
3, 11
Let s = -67 + 147. What are the prime factors of s?
2, 5
Let t be 17/(-3) - (-12)/18. Suppose -6*n - 21 = -3*n. Let a = t - n. What are the prime factors of a?
2
Let g be (-1225)/(-45) + (-2)/9. Suppose 2*h = g + 1. List the prime factors of h.
2, 7
List the prime factors of (-321)/(-6)*2 + -4 + -2.
101
Let j be (9/(-4))/(18/48). Let l(u) = u**3 + 6*u**2 - 5*u - 7. List the prime factors of l(j).
23
Suppose t - 3*f = -4*t + 18, -4*t + f + 13 = 0. Suppose -2*i + i = -t. Suppose 65 = i*v + 2*v. What are the prime factors of v?
13
Suppose 4*q + a - 18 = -7, -5*a = q + 21. Let w be (-7)/(-2) + (-2)/q. Let u = w + 1. What are the prime factors of u?
2
Suppose 4*r = -2 + 6. Let c be r + 4 - (0 + 2). What are the prime factors of (0 + c)*(5 - 2)?
3
Suppose -4*d + d = -75. Let z = d - 7. List the prime factors of z.
2, 3
Suppose -4*m = 4*p - 278 - 18, 3*p = -5*m + 360. What are the prime factors of m?
3, 23
Suppose 0 = -o - 4, -q + 10 = 4*q + 5*o. Suppose 0 = 8*w - q*w - 44. What are the prime factors of w?
2, 11
Let l be (-8)/(-10)*(-5)/(-2). List the prime factors of ((-9)/(-18))/(l/88).
2, 11
Let k = -12 - -23. Suppose -14 = 2*n + 5*q, 4*q + k = -n - 2. What are the prime factors of n?
3
Let w = 0 - -4. What are the prime factors of w?
2
What are the prime factors of -4 + 3/(-3)*-74?
2, 5, 7
Let h = -26 + 43. List the prime factors of h.
17
Suppose 3*f + 4 = f. Let s = 0 - f. Suppose s*t = 2, -3*y - 15 = -5*y + 3*t. List the prime factors of y.
3
What are the prime factors of 7/1*(-2)/(-7) - -160?
2, 3
Let k(j) = -j**2 - 8*j - 8. Let r be k(-7). Let i(a) = 4*a**2 + 2*a + 1. Let y be i(r). Suppose -y*t + 6 = -0*t. What are the prime factors of t?
2
Let s = -5 - -5. Suppose s = -p + 2, -5*t + 30 + 6 = 3*p. List the prime factors of t.
2, 3
Let a = -176 - -288. What are the prime factors of a?
2, 7
Let r(h) = h**3 - h**2. Let n be 3/2*(-1 - -3). List the prime factors of r(n).
2, 3
Suppose 9*u - 1419 = 75. What are the prime factors of u?
2, 83
List the prime factors of (-93)/(-7) - 20/70.
13
Let a be 2 + 0 + 1*2. Let d be (-4)/(-6) - (-388)/12. Suppose -a*b + d = -k, 12 = b + 3*k - 7*k. List the prime factors of b.
2
Suppose -4*a - a + 16 = 3*h, -12 = -h - 5*a. Suppose -h*k + 4*k = -m, 2*m = 4*k. Suppose -5*d + 10*d = -25, m = -4*n - 2*d + 18. List the prime factors of n.
7
List the prime factors of 5 - (-22)/(-4) - (-195)/2.
97
Let j(n) be the third derivative of -n**6/120 + 7*n**5/60 - 7*n**4/24 + 3*n**3/2 + n**2. List the prime factors of j(6).
3
Let b = 6 + -4. Suppose -b*x - 28 = -3*x. List the prime factors of x.
2, 7
Let u(i) = -i + 2. Let b be u(3). Let d be (1 - 1/b) + 24. Let j = d + -15. List the prime factors of j.
11
Suppose -m = o - 11, -2*o + 6*o - 26 = 2*m. Let h = 39 - o. What are the prime factors of h?
31
Suppose h + 29 - 100 = 4*f, -2*h + 122 = 2*f. Let v be (-14)/h - (-58)/18. Suppose -w - 17 = -2*m, -v*w = 3*m - 0*w - 30. List the prime factors of m.
3
Let a(t) = -4*t**3 + 8*t**2 + 6. Let r(s) = -3*s**3 + 8*s**2 + 6. Let b(c) = -4*a(c) + 5*r(c). List the prime factors of b(-8).
2, 3
Suppose -10 = -g + 20. What are the prime factors of g?
2, 3, 5
Suppose 2*l = -3*u + 343, 5*u + 351 = 3*l - l. What are the prime factors of l?
173
Suppose 0 = -3*u - 2 - 10. List the prime factors of (-2)/((-1)/((-30)/u)).
3, 5
Let d(r) = r. List th